/((-3)/(-15363030)) a prime number?
False
Let t = -36 - -40. Let p(b) = b**3 - 4*b**2 + 3*b - 5. Let c be p(t). Suppose -c*r + 686 = -2079. Is r composite?
True
Let i be (1 + -2)*(-1 - (-140)/5). Let m(u) = -5*u + 7. Let j be m(14). Is (-76405)/j + (-6)/i prime?
True
Is (-3)/(-6) - ((-66139921)/1586 - (-2)/(-13)) composite?
True
Let f(u) = 8*u - 259. Let c be (-2 + 3)*(-5)/(10/6). Let i(m) = 7*m - 259. Let a(g) = c*i(g) + 2*f(g). Is a(0) composite?
True
Let i be (0/1 - -2)/((-1)/(-4)). Let b be (2*2/i)/((-1)/(-5402)). Suppose -897 = -c + 2*p, -c = 2*c - p - b. Is c prime?
False
Let a = -154760 - -461251. Is a a prime number?
True
Suppose 1 = -2*l - 4*s + 7, -l + 3*s + 8 = 0. Suppose l*g = 8*g - 4*p - 24, -4*p + 4 = 4*g. Suppose 13636 = g*m + 2192. Is m composite?
False
Suppose -t - w = -942214, 2*w + 2312580 = 3*t - 514037. Is t composite?
True
Let z = 80923 + 57126. Is z a prime number?
False
Let a(k) be the first derivative of k**5/20 - k**4/12 + 2863*k**2/2 - 15*k - 11. Let o(s) be the first derivative of a(s). Is o(0) a composite number?
True
Let g = -234 - -239. Suppose 2*q = -g*f + 10322, 5*f - f + 16 = 0. Is q a prime number?
True
Let t(p) = 23*p**3 + p**2 - 36*p + 9. Let f be t(6). Suppose 5*r + 0*r = -2*y + f, 3*y = -2*r + 7223. Is y composite?
False
Let a = 12014 + -6757. Let q = a + 2930. Is q a composite number?
True
Suppose -39*x = 131370 - 671949. Is x a composite number?
True
Let q(p) = -p**3 - 30*p**2 - 23*p + 32. Let l be q(-29). Let s = l - -815. Is s a prime number?
True
Suppose 3*f - 2 + 29 = b, f = 2*b - 29. Let g = 19 - 17. Is (2 + g)*291/b composite?
False
Suppose 3*y + 121 - 106 = 0, -5*k + 2*y + 30 = 0. Is (k - 5)*(-503)/1*2 composite?
True
Suppose -180*g = -199*g + 1373111. Is g composite?
False
Let v = 21 - 18. Suppose 5*i + 5 = 4*c, v*c - i - 3 = 9. Suppose c*y = 8*y - 1251. Is y composite?
True
Suppose -2*h + 1437 = 5137. Let y = -609 - h. Is y a prime number?
False
Let n(i) = -12*i**2 - 16*i + 30. Let y be n(-13). Let m be y*32/(-5)*15/20. Suppose 4*l - 2*w = -3*w + 8607, -4*l - 4*w + m = 0. Is l composite?
False
Let a(z) = -220*z - 69. Let j = -10 - -3. Is a(j) a prime number?
True
Let p(i) = 45*i**2 - 120*i + 764. Is p(-169) composite?
False
Let c = -40 - -43. Suppose z + 40 = c*k + 3*z, 65 = 4*k + 5*z. Is k/(-45) - (-2996)/36 a prime number?
True
Let i = -46361 + 65243. Suppose -861278 = -32*r + i. Is r a composite number?
True
Suppose 0*z = -2*z - 3*c - 10541, 3*c = 3*z + 15819. Let m = z + 9591. Is m a prime number?
False
Let b(i) = 69*i + 7. Let c be b(4). Suppose 0 = -3*d + 2*d + c. Let p = d - 140. Is p composite?
True
Suppose 0 = 5*b + 2*l - 242755, 145644 = 3*b - 0*b + 3*l. Is b a composite number?
True
Let n = 73 - 73. Suppose n = 3*c + 5*y - 28170, 5*y - 37546 = -4*c + 3*y. Is c prime?
False
Is 8 - 1710/2*4/((-20)/4145) prime?
True
Let a be 264/9 + 2/3. Suppose 0 = -7*p + 2*p + a. Is 1/(-3)*-37*p a composite number?
True
Suppose -15*k + 14*k = 0. Suppose k*b = -2*b + 1488. Suppose h = -3*r + 5*h + 771, -5*h = 3*r - b. Is r composite?
True
Suppose 546*j - 497*j - 365816 = 7211691. Is j composite?
False
Is 121138 - (20 - (5 - -16)) a prime number?
True
Let z(y) = -58048*y - 471. Is z(-11) a prime number?
False
Suppose -29778 = 3*w + 117423. Let p = w + 86866. Is p prime?
True
Is (-1)/8 - 4799780/(-32) composite?
False
Let f = 26946 + -11123. Is f a composite number?
False
Let s be 3/9*-1 - (-10)/(-15). Is -479*(-8 + (3 - s) + 3) prime?
True
Suppose -15 = 3*a, -3*q - 5*a + 18469 + 15073 = 0. Is q a prime number?
False
Suppose 68398 = j - 3*c, -132853 = 4*j - 4*c - 406477. Suppose y - 11*y = -j. Is y composite?
False
Let y(g) = -10*g - 6. Let d be y(-1). Suppose -u + 2*u - 4633 = -5*j, 2*j = -d*u + 18568. Is u a prime number?
True
Let p(j) = -j**3 - 6*j**2 - 6*j. Let o = 46 - 51. Let r be p(o). Suppose -3*z + 7*z = -i + 495, -5*i = r*z - 2550. Is i composite?
True
Let j(l) = 26743*l**2 - 78*l + 325. Is j(4) a composite number?
True
Let v(n) = 4*n**2 - 116*n - 637. Is v(-58) composite?
True
Is 1/(3/10*20/366456) - -3 a composite number?
True
Let f(u) = -3 + 2*u - 6*u + 0 + 8. Let w be f(2). Is 309 - -4 - -2 - 6/w a composite number?
False
Let o = -428072 - -601701. Is o composite?
False
Let g = 19277 - 34317. Let o = g + 23681. Is o prime?
True
Is 6 + 242166/24 + 3/(-4)*-1 prime?
False
Let p(j) = j**3 - 2*j**2 + 2*j - 2. Let n be p(2). Let b(z) = 157*z + 1149. Let w be b(-6). Suppose -n*v + w + 119 = 0. Is v a prime number?
True
Suppose -5*c = 5*j + 5, -3*c + 4 - 1 = 5*j. Suppose i + j = -w - 0, 5*w + 10 = -4*i. Let m(b) = 30*b**2 - 8*b - 3. Is m(i) composite?
False
Suppose -2*d = -6*d + 33828. Suppose -122*g + 125*g - d = 0. Is g a prime number?
True
Is ((-195)/(-13) + -13)*50889/(-12)*-2 a prime number?
True
Suppose -2*f = 3*w - 105, 5*f + 3 = 18. Let y = w + -30. Suppose y*d + 3*d - 1884 = 0. Is d prime?
False
Suppose 0*r + 95 = 5*r. Suppose -r = -3*m - 4. Suppose 0 = 4*j, -m*j + 2*j = 3*v - 573. Is v a composite number?
False
Let r(f) = -2*f**3 - 98*f**2 - 58*f - 497. Is r(-62) prime?
True
Let u = -39 + 46. Suppose u*x = -10*x + 2822. Suppose 5*b = 1564 + x. Is b prime?
False
Suppose 0 = 45*d - 3*d - 425522 - 923812. Is d composite?
True
Is 4*(-75179)/(-6) - (22/(-6))/(-11) prime?
True
Let j(l) = -2*l**3 + 3*l**2 + 28*l + 1. Let p be j(-3). Suppose 0 = -2*b - 2*c + 6, -b + 5*c - 34 = -7. Is 2354 - p/(b/(-3)) a prime number?
True
Let o(q) = 15304*q**3 + 249*q**2 - 3*q + 1. Is o(3) a prime number?
False
Let y(x) = 2*x - 15. Let b be y(10). Suppose -i = -b*i + 732. Suppose 0 = -2*p - 4, -l - 2*p = -i - 1026. Is l composite?
False
Let z(b) = 40*b**2 + 9*b - 25. Let k = -29 + 47. Is z(k) prime?
False
Suppose 0 = 4*o + 420*j - 415*j - 1527112, 5*o + 2*j = 1908873. Is o composite?
True
Let x be (-1)/4*6*(24 + -22). Is (599/x)/((-1)/33) composite?
True
Suppose -15*g - 821243 = -76*g. Is g composite?
False
Is -8 + (2 - -13) - -197940 prime?
True
Let h = 684354 - 308123. Is h a composite number?
False
Let h be (291340/(-21))/20*3*1. Let y = h - -3910. Is y a prime number?
False
Let n be (-16)/(-4)*(1 - -1). Suppose 84282 + 80302 = n*z. Is z a prime number?
False
Let k(d) = 2489*d**2 + 388*d - 57. Is k(20) a prime number?
False
Suppose -3*k - 208 + 202 = 0. Is (-2533)/k + (-6)/(-12) prime?
False
Suppose 8*d - 6*d - 6*c - 259582 = 0, -4*d + 3*c = -519164. Is d a composite number?
True
Let k(m) = 189090*m**3 + 39*m - 77. Is k(2) composite?
True
Let i = 76 + -65. Suppose -1 = -4*c + i, 5*w = 5*c - 5. Suppose -w*m = -2*d + 414, 3*m - 6*m = 3*d - 645. Is d a composite number?
False
Suppose c - u + 6178 = 162839, -626630 = -4*c - 3*u. Is c a composite number?
False
Suppose 90*b + 5*c - 23139 = 86*b, 17368 = 3*b + c. Is b a prime number?
True
Let x = 279 - 224. Suppose -x*q - 8692 = -59*q. Is q prime?
False
Let k(l) = 24*l**3 + 15*l**2 + 6*l - 2. Let d(n) = 24*n**3 + 14*n**2 + 6*n - 1. Let i(p) = -7*d(p) + 6*k(p). Is i(-6) a composite number?
True
Let o(d) = 5 + 1532*d**2 - d - 3068*d**2 + 1573*d**2. Is o(7) a composite number?
False
Let m be 3/24 - (-6223)/8. Suppose -1188 = -5*g + 2*r - 212, 4*g - 3*r - m = 0. Suppose -3*u + g = u. Is u a composite number?
True
Let b = -174406 + 334389. Is b a prime number?
False
Is 368/230 + 96287/5 prime?
True
Let h(a) = 129*a**2 - a - 2. Let c be h(3). Let p = -44 + 48. Suppose -4*t = -3*t + 5*s - c, -4*t + 4600 = -p*s. Is t prime?
True
Let q(l) = 2*l**2 + 38*l - 90. Let m be q(-21). Let y(h) be the first derivative of -35*h**2 + 27*h - 1. Is y(m) prime?
False
Suppose -6 = 4*x + 3*g + 2, 0 = g. Let l be (0/(x/1 - -3))/(-2). Suppose l*w - 946 = -2*w. Is w a composite number?
True
Let u be -1 - -3 - 7 - (12 - 11). Let m(w) = -13*w**2 + 5*w - 47. Let x(t) = -38*t**2 + 14*t - 142. Let h(v) = u*x(v) + 17*m(v). Is h(-10) composite?
False
Let i = 92414 - 58132. Suppose -13*l + 4107 = -i. Is l a composite number?
False
Let t(x) = -5*x - 4*x + 3*x - x - 16. Let o be t(-19). Suppose 3*p - q = o + 842, -2*q = p - 315. Is p composite?
True
Let d be (208/364)/(2/266). Suppose d*o - 84*o + 189784 = 0. Is o prime?
False
Suppose -12*k + 371664 + 217464 = 0. Is k composite?
True
Suppose 13717148 + 18237628 = 24*n. Is n a prime number?
False
Is (((-2109)/(-76))/(-37))/(6/(-170152)) composite?
Fa